nder when 2 - b/(2 - 4) is divided by (-32)/(-12)*15/2?
18
Let z(a) be the second derivative of a**4/12 - 3*a**3 + 39*a**2/2 + 46*a. What is the remainder when 19 is divided by z(16)?
5
Let q(t) = 3*t - 1. Suppose 0 = -6*r + r + 325. What is the remainder when r is divided by q(6)?
14
Suppose -29*w + 55698 + 39596 = 0. Calculate the remainder when w is divided by 13.
10
Suppose -4*b - 3*q + 14 = 1, -4*q = b. Let i = 10 - b. Let k(s) = -s**2 + 15*s - 15. Calculate the remainder when k(12) is divided by i.
3
Let q(i) = 3*i**2 + 11*i + 10. Let x(p) = 6*p - 13. What is the remainder when x(9) is divided by q(-4)?
13
What is the remainder when 173 is divided by ((-52)/(-9))/((-4)/(-18)) + 3?
28
Let t(d) = -3*d + 136. Calculate the remainder when t(-24) is divided by 50.
8
Suppose 4*g - 318 = 7*g. Let c = -72 - g. What is the remainder when c is divided by 18?
16
Let a be 15/75 + 94/5. Let h = 24 - a. Calculate the remainder when 27 is divided by h.
2
Suppose 0 = -10*q + 7*q - 9. Let t(d) = d**2 - 5*d - 7. Let l = -20 - -87. What is the remainder when l is divided by t(q)?
16
Let s = 132 + -125. What is the remainder when (440/77)/(1/s) is divided by 23?
17
Let k(c) = c + 6. Let f be (-6)/(-4)*(8 - 2). Calculate the remainder when 57 is divided by k(f).
12
Suppose 26*y = 573 + 1741. What is the remainder when y is divided by 14?
5
Let g(o) = -o**2 + 26*o + 2974. Let c = 142 - 80. Calculate the remainder when c is divided by g(69).
6
Let l be (-2)/(2/3)*-1. Suppose 2*i - 2 = -3*w, 4*w = -5*i + 2 + l. Suppose 2*x + 3*x - 150 = w. Calculate the remainder when 89 is divided by x.
29
Let q(r) = r**2 - r - 3. Suppose -4*c - 3 = -19. Suppose 5*n = 4*n - c. Calculate the remainder when 66 is divided by q(n).
15
Let a(b) be the second derivative of -b**5/20 + b**4/2 - b**3/2 - 2*b**2 + b. What is the remainder when (-18)/(-63)*7*(5 - -14) is divided by a(3)?
10
Suppose 4*j = 21 + 119. Suppose -5*m + 26 + 18 = n, 3*m + 2*n - 25 = 0. Calculate the remainder when j is divided by m.
8
Suppose 59 = 4*a + 43. Suppose a*q + 0*q - 100 = 0. What is the remainder when 97 is divided by q?
22
Suppose -699*y - 288 = -715*y. Calculate the remainder when 244 is divided by y.
10
Let g(j) = -3*j - 1. Let l be g(-2). Suppose -33 = l*w - 8. Let h = w + 6. Calculate the remainder when 3 is divided by h.
0
Suppose 0 = -2*i + 5*i - 111. Let a = -13 + i. Calculate the remainder when 70 is divided by a.
22
Let d = 538 - 388. Let h = 24 - 15. Calculate the remainder when d is divided by h.
6
Let g(d) = d**3 + 14*d**2 - 48*d + 41. Let r be g(-17). Suppose -4*o - o = 80. Let f = r - o. What is the remainder when 35 is divided by f?
5
Suppose -a - 5*f = -53, 4*f - 16 = 8*f. What is the remainder when a is divided by 45?
28
Suppose c = 2*o - 2*c - 68, -c - 60 = -2*o. Let x(p) = 12*p + 5. What is the remainder when x(4) is divided by o?
25
Suppose 3*x + 15 - 63 = 0. Suppose 5*s - c = 56, -2*c + 9 = -s + 2*s. Suppose 630 = -q + s*q. What is the remainder when q is divided by x?
15
Suppose 0 = -y - 2 + 7. Suppose y*p = -3*p + 552. Suppose 2*s - 46 = -5*w, 2*w - 4*w + p = 3*s. Calculate the remainder when 68 is divided by s.
22
Let k = 122 + -117. Let t = 43 - k. What is the remainder when t is divided by 14?
10
Suppose -3*d - 28 = -52. Suppose -d*q + 13*q = 755. What is the remainder when q is divided by 14?
11
Suppose 16*x - 17*x = -99. Let d = 104 - x. Calculate the remainder when 10 is divided by d.
0
Suppose 1 = -n + 7. Suppose -o = -k - n, 3*o - 5*k - 16 = -0*o. Calculate the remainder when o is divided by 7.
0
Suppose 0 = 4*m + x - 1388, -4*x = 3*m - 217 - 837. Calculate the remainder when m is divided by 50.
46
Let p(w) = -w**3 + 9*w**2 + 16*w - 23. What is the remainder when p(7) is divided by 27?
25
Let d(g) = g**2 - 8*g - 1284. Let k(s) = s**3 + 6*s**2 - 2*s - 4. Calculate the remainder when d(-33) is divided by k(-4).
33
Suppose 5*h + k + 17 = 2*h, -h - k - 3 = 0. Let c = -5 - h. Suppose b - 3 = -0*b. What is the remainder when b is divided by c?
1
Suppose 3*k = 7*k - 36. Suppose 0 = 8*l - 43 + 3. Suppose l*y + 50 - 220 = 0. Calculate the remainder when y is divided by k.
7
Let l(m) = -16*m + 1213. What is the remainder when l(69) is divided by 33?
10
Let h = 85 + -46. What is the remainder when 75 is divided by h?
36
Suppose 2*q - 3*q = -3. Let u(k) = 23*k - 10. What is the remainder when u(4) is divided by -1 + (2 + 19 - q)?
14
Let j = -11 + 43. Suppose 0*v = -2*v + j. Let g(i) = i**2 - 4*i - 9. What is the remainder when v is divided by g(-2)?
1
Let a(m) = m**3 - 5*m**2 + 2. Suppose 5*q - q - 20 = -3*t, 0 = 2*t + q - 10. What is the remainder when t is divided by a(5)?
0
Let s = -914 - -931. What is the remainder when s is divided by 11?
6
Let m(d) = -10*d**2 - 2*d - 2. Let i be m(-2). Suppose 2*y = -2*k + 20, 5*k - 8 = y - 42. Calculate the remainder when y is divided by (-2)/(-8) - i/8.
4
Let u(m) = -24*m + 125. What is the remainder when 145 is divided by u(4)?
0
Let j = 35 - 31. Suppose -7*s = -j*s - 18. What is the remainder when 9 is divided by s?
3
Let j(n) = 3*n + 8. Calculate the remainder when 75 is divided by j(1).
9
Suppose 4*c + 5*f = 1343, 77*f = -2*c + 73*f + 670. What is the remainder when c is divided by 82?
9
Let r = 7 - 3. Let v(b) = 9*b**2 + 18*b + 5. What is the remainder when v(-2) is divided by r?
1
Suppose -3*d = -15, -2*h = -0*d - d - 427. Suppose 4 + h = 4*k. Calculate the remainder when k is divided by 20.
15
Let s = 8006 - 7991. Calculate the remainder when (-48)/(-1)*(-1)/(-2) is divided by s.
9
Suppose 3*f + 5*x - 109 + 17 = 0, 2*f - 74 = 3*x. What is the remainder when 406 is divided by f?
32
Let w(a) = a + 1. Let n(r) = 2*r + 1. Let u(c) = 6*n(c) - 5*w(c). Calculate the remainder when -1 + 5/((-15)/(-93)) is divided by u(1).
6
Let u be -1 + 2 - -2 - -44. Suppose 5*r - u = -g + 3*r, 3*r = -4*g + 163. What is the remainder when g is divided by 12 - -4*3/(-6)?
7
Let z(b) = 35*b**2 + 3*b + 1. What is the remainder when z(2) is divided by 6?
3
What is the remainder when 124 is divided by (-436)/(-8 + 4) + 0?
15
Let b(q) be the third derivative of q**5/60 + 5*q**4/12 + 5*q**3/6 - 7*q**2. What is the remainder when b(-12) is divided by 15?
14
Let z = -549 + 572. Let o = 547 - 291. Suppose 0 = 2*c + 2*c + 3*u - o, 4*c - 264 = -u. Calculate the remainder when c is divided by z.
21
Let a(m) = -m**3 - 4*m**2 + 17*m - 10. What is the remainder when a(-7) is divided by 468/45 - (-4)/(-10)?
8
Suppose v - 7 = -11. Let u = 8 + v. Suppose 5*i - g - 4 - 3 = 0, 14 = u*i + 2*g. Calculate the remainder when 2 is divided by i.
0
Suppose 3 + 0 = v. Suppose 3*t + t + 4*g - 88 = 0, -32 = -t + 4*g. Calculate the remainder when t/16 - ((-10)/4)/1 is divided by v.
1
Suppose y + 3*h + 3 = 6, -7 = -y - h. Suppose 0 = -0*f - 2*f. Suppose a = -f*a + y. Calculate the remainder when 34 is divided by a.
7
Let n(p) = p**2 + 9 + 3*p + 5*p - 2*p. Let h = 222 - 229. What is the remainder when 30 is divided by n(h)?
14
Let i = -22 + 42. What is the remainder when 174 is divided by i?
14
Let n = -378 + 394. Calculate the remainder when 334 is divided by n.
14
Suppose -56 = -5*j - 2*q - q, 2*q + 58 = 4*j. Suppose 5*g + 3*d = -33 + 549, -3*g = -d - 304. Calculate the remainder when g is divided by j.
11
Let k be 6 - -2*(-8)/(-4). Let j = k - -1. Suppose -1 = s - j. What is the remainder when 29 is divided by s?
9
Suppose 5*m - 135 = -w, -6*w + 7*w + 89 = 3*m. Calculate the remainder when m is divided by 10.
8
What is the remainder when 129/3354 + (-36191)/(-26) is divided by 34?
32
Let n(b) be the first derivative of b**4/4 + 10*b**3/3 + 6*b**2 - 20*b + 14. What is the remainder when 34 is divided by n(-8)?
10
Let t(o) = o**2 + 10*o + 19. What is the remainder when 165 is divided by t(-12)?
36
Suppose -3*v + 6*v = -24. Let h = v - 15. What is the remainder when 43 is divided by (-3)/(1*3/h)?
20
Let c(z) = -z**3 - 9*z**2 + 14*z + 1. Let y be -7 - -4 - 0 - 7. Let a be c(y). Let i = a + 83. Calculate the remainder when i is divided by 9.
8
Suppose -6*h + 2*h - b + 165 = 0, 4*b - 209 = -5*h. What is the remainder when 245 is divided by h?
40
Let c be 0*(-4 + 2)/2. Suppose c = 4*b - 18 - 10. Suppose -5*p = j - 21 - 36, -24 = -p + 4*j. What is the remainder when p is divided by b?
5
Let 